he remainder when 4979874 is divided by 180?
174
What is the remainder when 1044898 is divided by 1747?
192
What is the remainder when 469918 is divided by 132?
130
What is the remainder when 15069 is divided by 9963?
5106
Calculate the remainder when 2751817 is divided by 25960.
57
What is the remainder when 115351389 is divided by 26?
23
Calculate the remainder when 997385 is divided by 3588.
3509
What is the remainder when 7278483 is divided by 25?
8
Calculate the remainder when 13450809 is divided by 83.
78
What is the remainder when 6507311 is divided by 25419?
47
What is the remainder when 18740065 is divided by 17646?
13
Calculate the remainder when 169637 is divided by 1475.
12
Calculate the remainder when 391583 is divided by 114.
107
Calculate the remainder when 263029 is divided by 37.
33
What is the remainder when 39575 is divided by 747?
731
What is the remainder when 120852 is divided by 120833?
19
What is the remainder when 4499526 is divided by 4499514?
12
What is the remainder when 30746237 is divided by 35?
32
What is the remainder when 96206 is divided by 11723?
2422
What is the remainder when 6698101 is divided by 1674506?
77
What is the remainder when 11458218 is divided by 167?
14
What is the remainder when 16742307 is divided by 13?
10
What is the remainder when 2144240816 is divided by 14554?
14550
Calculate the remainder when 503615 is divided by 503531.
84
What is the remainder when 31020 is divided by 2026?
630
What is the remainder when 3184321 is divided by 171?
130
Calculate the remainder when 161255 is divided by 7591.
1844
What is the remainder when 2066690 is divided by 4?
2
What is the remainder when 243077 is divided by 7801?
1246
Calculate the remainder when 9489 is divided by 3890.
1709
What is the remainder when 295644982 is divided by 23?
15
What is the remainder when 31512453 is divided by 1321?
1319
Calculate the remainder when 13737352 is divided by 3434237.
404
What is the remainder when 3207553 is divided by 1603766?
21
What is the remainder when 171454 is divided by 76?
74
Calculate the remainder when 1291753 is divided by 1329.
1294
Calculate the remainder when 144852260 is divided by 6.
2
What is the remainder when 105717 is divided by 5285?
17
Calculate the remainder when 1337865 is divided by 661.
1
Calculate the remainder when 26055 is divided by 7447.
3714
Calculate the remainder when 3191 is divided by 52.
19
What is the remainder when 78767 is divided by 2138?
1799
What is the remainder when 2981847 is divided by 43?
12
What is the remainder when 252665 is divided by 91?
49
What is the remainder when 6887921 is divided by 9?
5
Calculate the remainder when 8788416 is divided by 55977.
27
Calculate the remainder when 1179569 is divided by 3142.
1319
Calculate the remainder when 936185 is divided by 195.
185
What is the remainder when 674346 is divided by 34?
24
What is the remainder when 1447173 is divided by 20?
13
Calculate the remainder when 52877 is divided by 808.
357
Calculate the remainder when 25638282 is divided by 39.
33
What is the remainder when 5403257 is divided by 276?
5
What is the remainder when 8578763 is divided by 1015?
998
Calculate the remainder when 42563757 is divided by 38.
33
Calculate the remainder when 82576393 is divided by 874.
873
What is the remainder when 278653 is divided by 5687?
5677
Calculate the remainder when 10776958 is divided by 9404.
9378
What is the remainder when 182971438 is divided by 92?
90
What is the remainder when 3654169 is divided by 1381?
43
What is the remainder when 4917827 is divided by 539?
530
Calculate the remainder when 89085 is divided by 450.
435
Calculate the remainder when 361607758 is divided by 1080.
1078
What is the remainder when 215435914 is divided by 3615?
3604
What is the remainder when 3317530 is divided by 663163?
1715
What is the remainder when 73958 is divided by 24089?
1691
What is the remainder when 319002 is divided by 720?
42
Calculate the remainder when 13364753 is divided by 14784.
17
Calculate the remainder when 702459 is divided by 3082.
2845
What is the remainder when 72218731 is divided by 491?
487
Calculate the remainder when 15559143 is divided by 199.
129
What is the remainder when 3932347 is divided by 62?
59
Calculate the remainder when 37853 is divided by 552.
317
What is the remainder when 16960 is divided by 3052?
1700
What is the remainder when 1569968 is divided by 498?
272
What is the remainder when 179843 is divided by 930?
353
Calculate the remainder when 82968128 is divided by 359.
356
What is the remainder when 2156041 is divided by 718676?
13
Calculate the remainder when 307974 is divided by 191.
82
Calculate the remainder when 10814322 is divided by 23.
21
Calculate the remainder when 1130725 is divided by 4112.
4037
What is the remainder when 6011647 is divided by 34?
5
What is the remainder when 188629 is divided by 2228?
1477
Calculate the remainder when 21326 is divided by 3188.
2198
Calculate the remainder when 14849 is divided by 621.
566
What is the remainder when 263528 is divided by 360?
8
Calculate the remainder when 3982535 is divided by 28244.
131
What is the remainder when 751264 is divided by 93907?
8
Calculate the remainder when 230506307 is divided by 488.
483
What is the remainder when 222832 is divided by 15?
7
What is the remainder when 95750 is divided by 94851?
899
Calculate the remainder when 476426 is divided by 475590.
836
Calculate the remainder when 157490 is divided by 460.
170
Calculate the remainder when 21174145 is divided by 17.
16
Calculate the remainder when 1071721 is divided by 9238.
113
What is the remainder when 13201597 is divided by 892?
889
What is the remainder when 4494940 is divided by 2463?
2428
Calculate the remainder when 9272559 is divided by 8723.
10
Calculate the remainder when 15966249 is divided by 6438.
9
Calculate the remainder when 69385631 is divided by 13877125.
6
Calculate the remainder when 197077214 is divided by 392.
390
What is the remainder when 107742223 is divided by 13940?
13903
Calculate the remainder when 1299974375 is divided by 687.
686
What is the remainder when 749305 is divided by 749305?
0
Calculate the remainder when 320936 is divided by 8748.
6008
What is the remainder when 595724 is divided by 7276?
6368
What is the remainder when 99846405 is divided by 321?
318
Calculate the remainder when 12451152 is divided by 80329.
157
Calculate the remainder when 180068 is divided by 2184.
980
What is the remainder when 24231687 is divided by 35?
32
Calculate the remainder when 9156159 is divided by 4577829.
501
Calculate the remainder when 533096 is divided by 154.
102
Calculate the remainder when 730537 is divided by 364787.
963
Calculate the remainder when 27184 is divided by 5329.
539
Calculate the remainder when 924568504 is divided by 18.
16
Calculate the remainder when 209849 is divided by 69631.
956
Calculate the remainder when 21942318 is divided by 1340.
1158
Calculate the remainder when 681380 is divided by 1352.
1324
Calculate the remainder when 64240762 is divided by 30620.
2
What is the remainder when 388378 is divided by 2076?
166
Calculate the remainder when 189131037 is divided by 870.
867
What is the remainder when 13412221 is divided by 2740?
2661
What is the remainder when 2212020 is divided by 2800?
20
Calculate the remainder when 450457 is divided by 2761.
414
Calculate the remainder when 937842 is divided by 4736.
114
What is the remainder when 6239610 is divided by 1956?
1926
What is the remainder when 412304 is divided by 51527?
88
What is the remainder when 17746838 is divided by 1971869?
17
Calculate the remainder when 1892835 is divided by 378566.
5
Calculate the remainder when 2859288 is divided by 395.
278
What is the remainder when 60508 is divided by 25?
8
Calculate the remainder when 3784 is divided by 231.
88
Calculate the remainder when 503817 is divided by 29541.
1620
What is the remainder when 9758308 is divided by 186?
4
Calculate the remainder when 9128910 is divided by 543.
537
Calculate the remainder when 479269 is divided by 159309.
1342
Calculate the remainder when 62542 is divided by 420.
382
Calculate the remainder when 1159901 is divided by 67.
64
What is the remainder when 117